00212
What is 57111742 (base 8) in base 6?
1120515510
4b688 (base 12) to base 11
70364
Convert -20101121220001 (base 3) to base 12.
-117a391
What is 6311616 (base 8) in base 14?
318bca
-93bd3 (base 15) to base 6
-14012343
83252 (base 14) to base 11
1a6485
Convert 2212010320 (base 4) to base 5.
133231443
-1ba63b (base 15) to base 7
-14325650
3623262 (base 7) to base 4
1300033302
Convert c9433 (base 13) to base 9.
613221
232dfe (base 16) to base 14
4402d0
What is 15643 (base 13) in base 6?
512011
-413020 (base 8) to base 2
-100001011000010000
What is 465724 (base 8) in base 3?
22001122220
What is -22243752 (base 8) in base 4?
-102110133222
-392632 (base 11) to base 9
-1142180
Convert 28a52 (base 11) to base 6.
514421
1011010110111110010000 (base 2) to base 10
2977680
-682a07 (base 11) to base 13
-2c0ba6
What is -10254044 (base 6) in base 3?
-120101110001
Convert 162a976 (base 11) to base 8.
12470677
What is 19195 (base 14) in base 9?
106017
Convert 6331143 (base 7) to base 14.
15c593
-979520 (base 10) to base 15
-145365
-45612 (base 10) to base 6
-551100
What is -3635a (base 13) in base 6?
-2044223
-15351060 (base 7) to base 4
-11220000213
-9d9aa8 (base 14) to base 13
-115b927
What is -111201112222220 (base 3) in base 15?
-99112c
What is -11311323 (base 5) in base 15?
-20c0d
What is -14132 (base 8) in base 7?
-24114
c44073 (base 13) to base 14
87285c
Convert -288c1c (base 14) to base 13.
-3a3734
What is -131354 (base 6) in base 3?
-121111021
What is 14312033 (base 6) in base 11?
306413
-42144326 (base 7) to base 13
-9772a9
What is -44022c (base 15) in base 12?
-1103350
Convert -75c04a (base 13) to base 10.
-2768282
Convert 63237 (base 11) to base 5.
10421441
Convert 1001010101101100011 (base 2) to base 14.
7d747
Convert -102220012111120 (base 3) to base 16.
-60784e
Convert -1091b7 (base 13) to base 10.
-391385
Convert -2032a69 (base 11) to base 16.
-36cb50
-303011422 (base 6) to base 12
-1899b72
44602 (base 13) to base 5
12432143
Convert -30b45 (base 14) to base 12.
-57b89
What is 3b77a (base 13) in base 6?
2214302
Convert -2519566 (base 10) to base 11.
-1470a95
Convert 20113312 (base 4) to base 9.
52034
Convert 15367450 (base 8) to base 5.
1401102012
-114420003 (base 5) to base 8
-2050353
What is 120574 (base 8) in base 5?
2310330
1021 (base 6) to base 15
104
What is -20347b (base 14) in base 2?
-100001000110101100101
-1001111101010011010 (base 2) to base 5
-40420143
Convert -10111101000000100001 (base 2) to base 3.
-1110022222020
What is -10172504 (base 8) in base 2?
-1000001111010101000100
What is 10133210320 (base 4) in base 2?
100011111100100111000
What is -4200053 (base 6) in base 15?
-3eda9
What is -4c6279 (base 13) in base 4?
-13001211310
-2ed94 (base 16) to base 12
-93070
-201110200212 (base 3) to base 11
-241a25
What is -55114016 (base 7) in base 3?
-22220010121112
Convert -ab68bb (base 14) to base 12.
-1b47599
-131334314 (base 6) to base 9
-4783611
-2211210220 (base 3) to base 6
-1111123
What is 6a9572 (base 13) in base 14?
49d6d9
What is -10111200002020 (base 3) in base 5?
-434112014
1350234 (base 7) to base 4
223333212
Convert 21221222021 (base 3) to base 6.
3205311
339310 (base 10) to base 2
1010010110101101110
What is -403453250 (base 6) in base 11?
-3990708
-11213142203 (base 5) to base 9
-25681334
Convert -18a4723 (base 13) to base 16.
-7b7c5b
-123851 (base 12) to base 14
-7a1ad
373557 (base 8) to base 6
2432355
1101143152 (base 6) to base 4
231011022230
What is 144163 (base 8) in base 6?
1033323
Convert 633936 (base 13) to base 5.
1043242343
What is 369a04 (base 14) in base 15?
26e3d8
-1522455 (base 7) to base 11
-131913
What is a70603 (base 14) in base 10?
5648331
Convert -131220303300 (base 4) to base 9.
-15551456
Convert -30955 (base 10) to base 8.
-74353
68e15e (base 15) to base 7
60400646
What is -12010022020 (base 3) in base 8?
-304730
-30023130 (base 4) to base 12
-24a50
Convert 1673636 (base 14) to base 10.
11034848
What is 5130232 (base 6) in base 3?
110110010102
Convert -201993 (base 12) to base 13.
-146c40
What is -11002151 (base 6) in base 5?
-40431331
Convert 1543125 (base 6) to base 15.
1c14b
Convert 71678 (base 14) to base 4.
1002220222
What is 68557 (base 14) in base 5?
31103010
What is -3152092 (base 10) in base 6?
-151321004
What is 1a3d0 (base 15) in base 6?
1454353
Convert 11310114 (base 5) to base 4.
121111220
What is 156a829 (base 11) in base 8?
12160273
Convert 21021113032 (base 4) to base 14.
465ac6
-1761311 (base 9) to base 7
-11242051
-1011011110001110001 (base 2) to base 11
-237487
-1000000101110110011111 (base 2) to base 15
-2bd72e
Convert 466928 (base 15) to base 4.
30311023223
What is 163143 (base 14) in base 7?
6413513
116647 (base 9) to base 6
1302241
-7015133 (base 8) to base 15
-265a8a
Convert -ad16 (base 15) to base 9.
-55303
-49b02 (base 14) to base 6
-3511422
What is 3aa2a (base 12) in base 6?
1422454
40513220 (base 6) to base 4
10123113030
4241311021 (base 5) to base 2
100010000100101010101011
Convert -2133132321 (base 4) to base 14.
-1300c1
2222201121 (base 3) to base 15
12684
What is 1070230 (base 10) in base 7?
12045130
What is -100111110001111100 (base 2) in base 14?
-43548
What is bd53 (base 14) in base 12?
16b99
-13234100 (base 5) to base 15
-29900
What is 12021202012 (base 3) in base 12?
5027b
cac94f (base 16) to base 10
13289807
-1dbb6 (base 16) to base 14
-3254a
33859 (base 14) to base 4
132203013
4560215 (base 7) to base 4
2022330323
-221001112020 (base 3) to base 13
-143637
Convert 13533021 (base 6) to base 15.
9243d
What is -474284 (base 9) in base 2?
-1000101101001011101
Convert 1001101011001000100110 (base 2) to base 6.
130204342
-66590 (base 16) to base 5
-101403331
What is -2a2c3 (base 13) in base 8?
-233345
949c (base 13) to base 6
235134
Convert -230144100 (base 7) to base 3.
-222101200212220
-211113112 (base 4) to base 7
-1205125
Convert -309523 (base 16) to base 2.
-1100001001010100100011
Convert -12110102210021 (base 3) to base 10.
-2901994
1243101000 (base 5) to base 13
84585a
What is -15373565 (base 8) in base 13?
-96aa73
What is -202131341 (base 5) in base 15?
-11244b
260a905 (base 11) to base 4
101100130320
What is -1706156 (base 13) in base 10?
-7439282
Convert -220229 (base 10) to base 5.
-24021404
3a734 (base 13) to base 6
2200023
Convert -62d122 (base 14) to base 12.
-1150822
Convert 112102110111 (base 3) to base 16.
4550e
What is -31100001112 (base 4) in base 9?
-6473657
What is 114413 (base 5) in base 16?
1106
What is 104dc4 (base 16) in base 6?
34522404
Convert -479910 (base 10) to base 6.
-14141450
What is 101021121220 (base 3) in base 14?
53a85
-203110202 (base 4) to base 10
-144674
-22211003210 (base 4) to base 6
-135234552
Convert -11374772 (base 9) to base 8.
-25106250
What is 1636582 (base 9) in base 16?
de3bf
What is -1100100200122 (base 3) in base 11?
-449753
What is 1110011001100101010 (base 2) in base 16?
7332a
Convert -1010121111111011 (base 3) to base 11.
-9201422
-210426405 (base 7) to base 9
-25341210
-618625 (base 16) to base 8
-30303045
Convert 66465200 (base 8) to base 14.
1c88728
36313036 (base 8) to base 7
124505104
What is 18626 (base 15) in base 11?
543a9
-9b01e (base 15) to base 12
-1b920b
-21002021002120 (base 3) to base 10
-3764625
What is 26187 (base 13) in base 6?
1302440
What is 175ad (base 16) in base 13?
34707
What is 90030 (base 13) in base 16?
3ec40
-7a920 (base 11) to base 2
-11100100010101100
Convert -230202202 (base 4) to base 11.
-11507a
Convert 10040140 (base 9) to base 8.
22261162
Convert -312675 (base 13) to base 6.
-40334320
Convert 124794a (base 11) to base 14.
404219
Convert 495a70 (base 16) to base 5.
2212313110
-10021112101110 (base 3) to base 8
-6513400
-1905a (base 11) to base 15
-7d90
-24314241 (base 5) to base 4
-313333021
What is 13240411 (base 5) in base 10?
133856
2411100043 (base 5) to base 3
101110202122010
Convert -205155101 (base 6) to base 11.
-2044726
585557 (base 10) to base 3
1002202020022
Convert 3388735 (base 9) to base 14.
3590a1
Convert -5581ac (base 14) to base 3.
-12110111212001
1362463 (base 7) to base 6
3533031
baa80 (base 13) to base 5
41303220
1783736 (base 11) to base 6
144425433
Convert -303010231 (base 5) to base 15.
-1914b1
What is -7a511 (base 11) in base 10?
-116414
Convert 964140 